73 + -143. List the prime factors of i.
2, 3, 5, 11
Suppose 46059 = 11*x + 10683. What are the prime factors of x?
2, 3, 67
Let n(r) = -13*r + 13. Let j be n(-4). Suppose -34*h + 39*h - j = 0. List the prime factors of h.
13
Let g = -951 + 1394. List the prime factors of g.
443
Suppose 3*d - 8814 = -4*x, 2638 - 14386 = -4*d - 4*x. What are the prime factors of d?
2, 3, 163
Let q(s) = -13*s**2 + 31*s**2 - 14*s**2 - s**3. Let p be q(4). Suppose p = 2*l + 2*l - 140. List the prime factors of l.
5, 7
Let t = -74 - -78. Suppose -r = -5*q + 902, -4*q + 421 = -t*r - 291. List the prime factors of q.
181
Let y(j) = 15*j - 5. Suppose 4*u - 20 = -0. List the prime factors of y(u).
2, 5, 7
Suppose 6303 = 25*k - 3072. List the prime factors of k.
3, 5
Suppose 0 = -5*v + 5*r - 120, -3*v + r - 93 = v. Let o = v + 25. What are the prime factors of o?
2
Let r(y) be the first derivative of y**4/4 - y**2/2 + 12*y + 1. Let x be r(0). Let f = x + 20. List the prime factors of f.
2
Suppose -6816 - 4209 = -21*h. List the prime factors of h.
3, 5, 7
Let l be 3/(-6)*0/(-3). Suppose 5*r + 3 - 23 = l. Suppose 2*b - 43 = -v - r, 5*b + 69 = 2*v. List the prime factors of v.
37
Let o be (6/(-4) - 6/(-4)) + 36. Suppose -35*u - 62 = -o*u. List the prime factors of u.
2, 31
Let d(p) = 2*p - 1. Let c be d(3). Suppose 3*o + c*l + 5 - 14 = 0, 4*o = -3*l + 23. Let i(x) = x**3 - 6*x**2 - 11*x + 1. What are the prime factors of i(o)?
41
Let s be ((-43)/2)/((-30)/300). Let p = -120 + s. What are the prime factors of p?
5, 19
Suppose 6*w + 16 = 2*w. Let n(x) = x**3 + 5*x**2 - x + 1. What are the prime factors of n(w)?
3, 7
Suppose 5*p + 4504 = 3*g, -8*g + 7*g - 4*p + 1490 = 0. List the prime factors of g.
2, 7, 107
What are the prime factors of 135 - (1/2 - 14/(-28))?
2, 67
Let j be ((-15)/(-35))/((-1)/(-7)). List the prime factors of (-39*30/27)/((-1)/j).
2, 5, 13
Suppose 4*p = 102 - 14. Let z = p - -5. Suppose -2*a = -a - z. What are the prime factors of a?
3
Suppose -21 = -t - 10. Suppose 4*l - 17 - t = 0. Suppose -23 - l = -d. List the prime factors of d.
2, 3, 5
Let a(d) be the third derivative of 8*d**5/15 + d**4/8 + d**3/2 - 51*d**2. List the prime factors of a(-3).
2, 3, 47
Let b = -318 - -959. List the prime factors of b.
641
Let m be 1894/26 - (-15)/(1170/12). Suppose m*t - 74*t = -193. What are the prime factors of t?
193
Suppose 0 = -w + 5 + 15. Suppose 4*v - v + w = 4*b, 2*b = 3*v + 10. Suppose 0 = -3*l - 5*n + 4, -2*l - 5*n + n = v. What are the prime factors of l?
2
Suppose b + 4 = 7. Let q = -171 + 192. Suppose 0 = b*o - 2*o - q. What are the prime factors of o?
3, 7
Suppose 0 = 7*i - 12 - 16. Suppose 5*w - 319 = -5*h + 26, -274 = -i*h - 3*w. List the prime factors of h.
67
Suppose -42*b + 39*b = 936. Let z = b - -502. What are the prime factors of z?
2, 5, 19
Let c(q) = -4*q - 9. Let u be c(-8). Suppose -2*h = -73 - u. What are the prime factors of h?
2, 3
Let p(j) = 6*j - 2. Let r be p(1). Suppose 2*b - r*b = -52. What are the prime factors of b?
2, 13
Let f be (-4)/(-18) - 29/9. List the prime factors of (214/f)/((-6)/9).
107
Let s(r) = -5*r**2 - 10*r**2 + r - r - r. Let c be s(-1). Let o = 37 + c. What are the prime factors of o?
23
Let c(y) = -y**3 - 7*y**2 - 7*y - 10. Let d = -16 - -9. Let g be c(d). Suppose g = 3*t - 9. List the prime factors of t.
2
Suppose 99*y - 1705 = 94*y. List the prime factors of y.
11, 31
Let y(i) = -64*i + 4. Let t be y(4). What are the prime factors of ((-10)/(-8))/((-7)/t)?
3, 5
Let p = 415 - 197. What are the prime factors of p?
2, 109
Let v(l) = 14*l**2 + 4*l - 58. List the prime factors of v(-6).
2, 211
Let s = 206 - 90. Suppose -2*g = -4*g + p + s, 0 = 4*g - 5*p - 220. What are the prime factors of g?
2, 3, 5
Suppose -j + 6 = -0*j. List the prime factors of (j - -91)/(1 - 0) - 2.
5, 19
Suppose -5*k - 3*y - 1103 = 0, 3*y - 13 = -1. Let a = -148 - k. List the prime factors of a.
3, 5
Let i(t) = t**3 + 11*t**2 - 14*t + 13. Let v be i(-12). Suppose 4*d + 5*l = 322, -d + 5*l + v = -56. List the prime factors of d.
83
Suppose 2*a = -56 + 52. Let l(f) = -72*f + 9. List the prime factors of l(a).
3, 17
Suppose 0 = -o - 121 + 343. Let h = o - 75. List the prime factors of h.
3, 7
Suppose 3*c + 0*c - 9 = 0. List the prime factors of -1 - (133/(-1) + c).
3, 43
Suppose 2*r + 38 = 2*z, r - 10 = -z + 13. Suppose -3*l + 90 = z. List the prime factors of l.
23
Let j = -32 - -35. Let w(g) = -g**3 + 9*g + j*g**3 + 13 + g**3 - 2*g**3 + 13*g**2. List the prime factors of w(-12).
7
Suppose -3*t + 5*a = -7532, 0 = 11*t - 9*t + 3*a - 5034. List the prime factors of t.
2, 3, 419
Let z = 21 + -19. Let y(n) = -4*n - 1. Let j be y(-2). What are the prime factors of 14 - (-7)/(j/z)?
2
Suppose -2*z - 122 = 3*o - 3*z, 4*o = 4*z - 176. Let b be (-318)/o - (-6)/(-39). List the prime factors of 4/((-3)/((-60)/b)).
2, 5
Let c(u) = -16*u + 11. What are the prime factors of c(-11)?
11, 17
Suppose -3363 + 30551 = 7*w. List the prime factors of w.
2, 971
Let a be 0*(2 - 15/6). Suppose -3*o - 4*n - 34 = -4*o, -3*o + 2*n + 62 = a. Suppose 4*i - 46 = o. What are the prime factors of i?
2
Suppose -46*x = -41*x - 10590. List the prime factors of x.
2, 3, 353
Let r(w) be the first derivative of -6*w**2 - 27*w + 9. List the prime factors of r(-12).
3, 13
Let s(g) = 6*g**2 - 30. Let r(h) = -5*h**2 - h + 30. Let l(k) = -5*r(k) - 4*s(k). What are the prime factors of l(10)?
2, 3, 5
Suppose -3*c - 72 = 3*k, -9 - 35 = 2*k + 3*c. Suppose -16*b - 82 = -14*b. Let f = k - b. What are the prime factors of f?
13
Let b be (-3 - 0 - 0) + 13. Suppose -b*u - 24 = -2*u. List the prime factors of 24/18 + (-59)/u.
3, 7
Let p(n) = 18*n**2 - 1. Let o(x) = x**2 - 25*x + 26. Let h be o(24). What are the prime factors of p(h)?
71
List the prime factors of ((-6)/4)/((-17)/23222).
3, 683
Let k(w) = -w**3 + 21*w**2 - 21*w - 2. List the prime factors of k(16).
2, 3, 157
Suppose 2*w + 5*q = -24, 0 = -3*w - w + 2*q. Let n(a) = 8*a**2 + 2. What are the prime factors of n(w)?
2, 17
Suppose 10*c - 50 = 5*c. What are the prime factors of 506/c - (-3)/(-5)?
2, 5
Suppose 14 = u - 2. Suppose 23 + 5 = -4*z. Let c = z + u. What are the prime factors of c?
3
List the prime factors of 4/(-42) + 10968/63.
2, 3, 29
Let o = -164 + 656. What are the prime factors of o?
2, 3, 41
Suppose 3*o - 2*v - 12 = -v, -5*v - 9 = 2*o. Suppose 5*h = -4*x + 799, o*x + 211 - 851 = -4*h. List the prime factors of h.
163
Let q = 2138 + 1083. List the prime factors of q.
3221
Suppose -k + 84 = 2*k. Let o = -25 + k. Suppose 4*g = 3*q + 188, -o*q - 100 = -g - g. What are the prime factors of g?
2, 11
Suppose 0 = -0*t - 4*t + 144. List the prime factors of (-8)/(-36) - (-2332)/t.
5, 13
Suppose 0 = -21*z + 15*z + 4746. List the prime factors of z.
7, 113
Let x(n) = 0*n**3 - n**3 + 3*n - 76 + 9*n**2 + 67. Let u be (-6)/(-14) + 120/14. List the prime factors of x(u).
2, 3
Let h = 3806 + -1533. List the prime factors of h.
2273
Let s = 3 + 7. Suppose -10 = 9*h - s*h. List the prime factors of 56/h + (-6)/10.
5
Suppose 33 = 14*j - 3*j. Suppose -p + 167 = -0*p + j*s, p = s + 179. What are the prime factors of p?
2, 11
Let n = 76 + -27. Suppose -44*x - 1215 = -n*x. List the prime factors of x.
3
Let k be -101 + 4 + (1 - -2). Let x = 151 + k. List the prime factors of x.
3, 19
What are the prime factors of (-32)/(-40)*5 - -527?
3, 59
Suppose 3*g - 1129 = 182*j - 177*j, -2*j - 10 = 0. What are the prime factors of g?
2, 23
Suppose 0 = -615*w + 620*w - 16670. What are the prime factors of w?
2, 1667
Let w(h) = h + 3. Suppose 0 = -m + 9*m + 8. Let y be w(m). Suppose -g + l + 45 = 0, -y*g + g + 2*l = -46. List the prime factors of g.
2, 11
Suppose 0 = -y - 2*v - 3*v + 522, 4*y = 5*v + 2038. List the prime factors of y.
2
Suppose 0 = -4*n - 9*n. Suppose 2*a - 10 = 0, -5*j + n*j + 2*a = -45. What are the prime factors of j?
11
Suppose -4*d = 3*m + d + 10, -8 = 3*m + 4*d. Suppose m = 3*r - 3*g + 351, 0 = -0*r - 4*r + g - 480. Let q = r - -177. List the prime factors of q.
2, 7
Suppose -8*n = -7*n + 2*p - 128, -3*n + 3*p + 348 = 0. List the prime factors of n.
2, 3, 5
Suppose -9*s = -289 - 10799. Suppose 12*j + 200 = s. What are the prime factors of j?
2, 43
Suppose l = 0, 0 = -2*i + 5*i + 2*l - 1593. What are the prime factors of i?
3, 59
Let h be